[INFO] fetching crate aws_greengrass_core_rust 0.1.37...
[INFO] checking aws_greengrass_core_rust-0.1.37 against master#cfbc6d4cf1acbac5c025acf8ed68929caa551df3 for pr-75494-beta
[INFO] extracting crate aws_greengrass_core_rust 0.1.37 into /workspace/builds/worker-7/source
[INFO] validating manifest of crates.io crate aws_greengrass_core_rust 0.1.37 on toolchain cfbc6d4cf1acbac5c025acf8ed68929caa551df3
[INFO] running `Command { std: "/workspace/cargo-home/bin/cargo" "+cfbc6d4cf1acbac5c025acf8ed68929caa551df3" "read-manifest" "--manifest-path" "Cargo.toml", kill_on_drop: false }`
[INFO] started tweaking crates.io crate aws_greengrass_core_rust 0.1.37
[INFO] finished tweaking crates.io crate aws_greengrass_core_rust 0.1.37
[INFO] tweaked toml for crates.io crate aws_greengrass_core_rust 0.1.37 written to /workspace/builds/worker-7/source/Cargo.toml
[INFO] crate crates.io crate aws_greengrass_core_rust 0.1.37 already has a lockfile, it will not be regenerated
[INFO] running `Command { std: "/workspace/cargo-home/bin/cargo" "+cfbc6d4cf1acbac5c025acf8ed68929caa551df3" "fetch" "--locked" "--manifest-path" "Cargo.toml", kill_on_drop: false }`
[INFO] [stderr]     Blocking waiting for file lock on package cache
[INFO] [stderr]  Downloading crates ...
[INFO] [stderr]   Downloaded bindgen v0.52.0
[INFO] running `Command { std: "docker" "create" "-v" "/var/lib/crater-agent-workspace/builds/worker-7/target:/opt/rustwide/target:rw,Z" "-v" "/var/lib/crater-agent-workspace/builds/worker-7/source:/opt/rustwide/workdir:ro,Z" "-v" "/var/lib/crater-agent-workspace/cargo-home:/opt/rustwide/cargo-home:ro,Z" "-v" "/var/lib/crater-agent-workspace/rustup-home:/opt/rustwide/rustup-home:ro,Z" "-e" "SOURCE_DIR=/opt/rustwide/workdir" "-e" "CARGO_TARGET_DIR=/opt/rustwide/target" "-e" "CARGO_HOME=/opt/rustwide/cargo-home" "-e" "RUSTUP_HOME=/opt/rustwide/rustup-home" "-w" "/opt/rustwide/workdir" "-m" "1610612736" "--user" "0:0" "--network" "none" "rustops/crates-build-env@sha256:a636fd89d022f18117e1dc8fb37a0a009933cdbbe082814857f0e2024962d47c" "/opt/rustwide/cargo-home/bin/cargo" "+cfbc6d4cf1acbac5c025acf8ed68929caa551df3" "metadata" "--no-deps" "--format-version=1", kill_on_drop: false }`
[INFO] [stderr] WARNING: Your kernel does not support swap limit capabilities or the cgroup is not mounted. Memory limited without swap.
[INFO] [stdout] deb32143f384789e52a34899e3d122b77bacba2bee8b8a45b0da5b8cd9469837
[INFO] running `Command { std: "docker" "start" "-a" "deb32143f384789e52a34899e3d122b77bacba2bee8b8a45b0da5b8cd9469837", kill_on_drop: false }`
[INFO] running `Command { std: "docker" "inspect" "deb32143f384789e52a34899e3d122b77bacba2bee8b8a45b0da5b8cd9469837", kill_on_drop: false }`
[INFO] running `Command { std: "docker" "rm" "-f" "deb32143f384789e52a34899e3d122b77bacba2bee8b8a45b0da5b8cd9469837", kill_on_drop: false }`
[INFO] [stdout] deb32143f384789e52a34899e3d122b77bacba2bee8b8a45b0da5b8cd9469837
[INFO] running `Command { std: "docker" "create" "-v" "/var/lib/crater-agent-workspace/builds/worker-7/target:/opt/rustwide/target:rw,Z" "-v" "/var/lib/crater-agent-workspace/builds/worker-7/source:/opt/rustwide/workdir:ro,Z" "-v" "/var/lib/crater-agent-workspace/cargo-home:/opt/rustwide/cargo-home:ro,Z" "-v" "/var/lib/crater-agent-workspace/rustup-home:/opt/rustwide/rustup-home:ro,Z" "-e" "SOURCE_DIR=/opt/rustwide/workdir" "-e" "CARGO_TARGET_DIR=/opt/rustwide/target" "-e" "CARGO_INCREMENTAL=0" "-e" "RUST_BACKTRACE=full" "-e" "RUSTFLAGS=--cap-lints=forbid" "-e" "CARGO_HOME=/opt/rustwide/cargo-home" "-e" "RUSTUP_HOME=/opt/rustwide/rustup-home" "-w" "/opt/rustwide/workdir" "-m" "1610612736" "--user" "0:0" "--network" "none" "rustops/crates-build-env@sha256:a636fd89d022f18117e1dc8fb37a0a009933cdbbe082814857f0e2024962d47c" "/opt/rustwide/cargo-home/bin/cargo" "+cfbc6d4cf1acbac5c025acf8ed68929caa551df3" "check" "--frozen" "--all" "--all-targets" "--message-format=json", kill_on_drop: false }`
[INFO] [stdout] fa4b5bb13ed410ec791070ed453003a261bbf047d255bcf53207975e5320dffc
[INFO] [stderr] WARNING: Your kernel does not support swap limit capabilities or the cgroup is not mounted. Memory limited without swap.
[INFO] running `Command { std: "docker" "start" "-a" "fa4b5bb13ed410ec791070ed453003a261bbf047d255bcf53207975e5320dffc", kill_on_drop: false }`
[INFO] [stderr]    Compiling libc v0.2.70
[INFO] [stderr]    Compiling proc-macro2 v1.0.15
[INFO] [stderr]    Compiling unicode-xid v0.2.0
[INFO] [stderr]    Compiling memchr v2.3.3
[INFO] [stderr]     Checking cfg-if v0.1.10
[INFO] [stderr]    Compiling syn v1.0.23
[INFO] [stderr]    Compiling log v0.4.8
[INFO] [stderr]    Compiling autocfg v1.0.0
[INFO] [stderr]    Compiling cc v1.0.54
[INFO] [stderr]    Compiling glob v0.3.0
[INFO] [stderr]    Compiling proc-macro-nested v0.1.4
[INFO] [stderr]    Compiling bitflags v1.2.1
[INFO] [stderr]     Checking lazy_static v1.4.0
[INFO] [stderr]     Checking itoa v0.4.5
[INFO] [stderr]     Checking bytes v0.5.4
[INFO] [stderr]    Compiling proc-macro-hack v0.5.15
[INFO] [stderr]    Compiling regex-syntax v0.6.17
[INFO] [stderr]     Checking once_cell v1.4.0
[INFO] [stderr]    Compiling unicode-width v0.1.7
[INFO] [stderr]    Compiling quick-error v1.2.3
[INFO] [stderr]    Compiling termcolor v1.1.0
[INFO] [stderr]     Checking futures-io v0.3.5
[INFO] [stderr]    Compiling vec_map v0.8.2
[INFO] [stderr]    Compiling strsim v0.8.0
[INFO] [stderr]    Compiling bindgen v0.52.0
[INFO] [stderr]    Compiling ansi_term v0.11.0
[INFO] [stderr]     Checking arc-swap v0.4.6
[INFO] [stderr]    Compiling maybe-uninit v2.0.0
[INFO] [stderr]    Compiling peeking_take_while v0.1.2
[INFO] [stderr]    Compiling shlex v0.1.1
[INFO] [stderr]     Checking pin-project-lite v0.1.5
[INFO] [stderr]    Compiling ryu v1.0.4
[INFO] [stderr]    Compiling serde v1.0.110
[INFO] [stderr]    Compiling rustc-hash v1.1.0
[INFO] [stderr]    Compiling lazycell v1.2.1
[INFO] [stderr]     Checking ppv-lite86 v0.2.8
[INFO] [stderr]     Checking try-lock v0.2.2
[INFO] [stderr]     Checking base64 v0.12.1
[INFO] [stderr]    Compiling nom v4.2.3
[INFO] [stderr]     Checking futures-channel v0.3.5
[INFO] [stderr]    Compiling thread_local v1.0.1
[INFO] [stderr]    Compiling humantime v1.3.0
[INFO] [stderr]    Compiling textwrap v0.11.0
[INFO] [stderr]     Checking futures-task v0.3.5
[INFO] [stderr]     Checking http v0.2.1
[INFO] [stderr]    Compiling cmake v0.1.44
[INFO] [stderr]    Compiling indexmap v1.3.2
[INFO] [stderr]    Compiling crossbeam-utils v0.7.2
[INFO] [stderr]    Compiling clang-sys v0.28.1
[INFO] [stderr]     Checking want v0.3.0
[INFO] [stderr]    Compiling aho-corasick v0.7.10
[INFO] [stderr]    Compiling atty v0.2.14
[INFO] [stderr]    Compiling which v3.1.1
[INFO] [stderr]    Compiling clap v2.33.1
[INFO] [stderr]    Compiling quote v1.0.6
[INFO] [stderr]    Compiling libloading v0.5.2
[INFO] [stderr]     Checking crossbeam-channel v0.4.2
[INFO] [stderr]     Checking net2 v0.2.34
[INFO] [stderr]     Checking iovec v0.1.4
[INFO] [stderr]     Checking getrandom v0.1.14
[INFO] [stderr]     Checking signal-hook-registry v1.2.0
[INFO] [stderr]     Checking num_cpus v1.13.0
[INFO] [stderr]     Checking time v0.1.43
[INFO] [stderr]     Checking rand_core v0.5.1
[INFO] [stderr]     Checking mio v0.6.22
[INFO] [stderr]     Checking rand_chacha v0.2.2
[INFO] [stderr]    Compiling cexpr v0.3.6
[INFO] [stderr]     Checking rand v0.7.3
[INFO] [stderr]     Checking mio-uds v0.6.8
[INFO] [stderr]     Checking http-body v0.3.1
[INFO] [stderr]    Compiling regex v1.3.7
[INFO] [stderr]     Checking uuid v0.8.1
[INFO] [stderr]    Compiling env_logger v0.7.1
[INFO] [stderr]    Compiling pin-project-internal v0.4.17
[INFO] [stderr]    Compiling futures-macro v0.3.5
[INFO] [stderr]    Compiling tokio-macros v0.2.5
[INFO] [stderr]    Compiling serde_derive v1.0.110
[INFO] [stderr]     Checking tokio v0.2.21
[INFO] [stderr]     Checking pin-project v0.4.17
[INFO] [stderr]     Checking futures-util v0.3.5
[INFO] [stderr]    Compiling aws_greengrass_core_rust v0.1.37 (/opt/rustwide/workdir)
[INFO] [stderr]     Checking tokio-util v0.3.1
[INFO] [stderr] error: failed to run custom build command for `aws_greengrass_core_rust v0.1.37 (/opt/rustwide/workdir)`
[INFO] [stderr] 
[INFO] [stderr] Caused by:
[INFO] [stderr]   process didn't exit successfully: `/opt/rustwide/target/debug/build/aws_greengrass_core_rust-2d920b9bf69e7f08/build-script-build` (exit code: 101)
[INFO] [stderr]   --- stdout
[INFO] [stderr]   cargo:rustc-link-lib=aws-greengrass-core-sdk-c
[INFO] [stderr]   cargo:rerun-if-changed=wrapper.h
[INFO] [stderr] 
[INFO] [stderr]   --- stderr
[INFO] [stderr]   wrapper.h:2:10: fatal error: 'greengrasssdk.h' file not found
[INFO] [stderr]   wrapper.h:2:10: fatal error: 'greengrasssdk.h' file not found, err: true
[INFO] [stderr]   thread 'main' panicked at 'Unable to generate c bindings: ()', build.rs:31:10
[INFO] [stderr]   stack backtrace:
[INFO] [stderr]      0:     0x564c45617b95 - backtrace::backtrace::libunwind::trace::h5e2646fa3eddf2ea
[INFO] [stderr]                                  at /cargo/registry/src/github.com-1ecc6299db9ec823/backtrace-0.3.46/src/backtrace/libunwind.rs:86
[INFO] [stderr]      1:     0x564c45617b95 - backtrace::backtrace::trace_unsynchronized::hb95dd7f77ce47877
[INFO] [stderr]                                  at /cargo/registry/src/github.com-1ecc6299db9ec823/backtrace-0.3.46/src/backtrace/mod.rs:66
[INFO] [stderr]      2:     0x564c45617b95 - std::sys_common::backtrace::_print_fmt::h5e71b67af43fd70d
[INFO] [stderr]                                  at src/libstd/sys_common/backtrace.rs:78
[INFO] [stderr]      3:     0x564c45617b95 - <std::sys_common::backtrace::_print::DisplayBacktrace as core::fmt::Display>::fmt::hdb4a83d2b61107e5
[INFO] [stderr]                                  at src/libstd/sys_common/backtrace.rs:59
[INFO] [stderr]      4:     0x564c45642cec - core::fmt::write::ha20e7262fa3e8a7a
[INFO] [stderr]                                  at src/libcore/fmt/mod.rs:1076
[INFO] [stderr]      5:     0x564c45613da2 - std::io::Write::write_fmt::h1aebfe8a5a79e36d
[INFO] [stderr]                                  at src/libstd/io/mod.rs:1537
[INFO] [stderr]      6:     0x564c4561aaf0 - std::sys_common::backtrace::_print::h9c07314cc66ba539
[INFO] [stderr]                                  at src/libstd/sys_common/backtrace.rs:62
[INFO] [stderr]      7:     0x564c4561aaf0 - std::sys_common::backtrace::print::hd1fd65f49a2d8544
[INFO] [stderr]                                  at src/libstd/sys_common/backtrace.rs:49
[INFO] [stderr]      8:     0x564c4561aaf0 - std::panicking::default_hook::{{closure}}::h222da46485ab36fc
[INFO] [stderr]                                  at src/libstd/panicking.rs:198
[INFO] [stderr]      9:     0x564c4561a83c - std::panicking::default_hook::hc5868949d129ed00
[INFO] [stderr]                                  at src/libstd/panicking.rs:217
[INFO] [stderr]     10:     0x564c4561b133 - std::panicking::rust_panic_with_hook::h26a6ab8b0993c0c8
[INFO] [stderr]                                  at src/libstd/panicking.rs:526
[INFO] [stderr]     11:     0x564c4561ad2b - rust_begin_unwind
[INFO] [stderr]                                  at src/libstd/panicking.rs:437
[INFO] [stderr]     12:     0x564c456413a1 - core::panicking::panic_fmt::h17139c2000299725
[INFO] [stderr]                                  at src/libcore/panicking.rs:85
[INFO] [stderr]     13:     0x564c456411c3 - core::option::expect_none_failed::h972f96abb4ec8952
[INFO] [stderr]                                  at src/libcore/option.rs:1269
[INFO] [stderr]     14:     0x564c4501270e - core::result::Result<T,E>::expect::h7697d4b427386f6f
[INFO] [stderr]                                  at /rustc/cfbc6d4cf1acbac5c025acf8ed68929caa551df3/src/libcore/result.rs:963
[INFO] [stderr]     15:     0x564c450107a4 - build_script_build::main::hb1b27784c64ce9ff
[INFO] [stderr]                                  at /opt/rustwide/workdir/build.rs:28
[INFO] [stderr]     16:     0x564c4501291b - std::rt::lang_start::{{closure}}::he67b37799ba94295
[INFO] [stderr]                                  at /rustc/cfbc6d4cf1acbac5c025acf8ed68929caa551df3/src/libstd/rt.rs:67
[INFO] [stderr]     17:     0x564c4561b5d3 - std::rt::lang_start_internal::{{closure}}::h84a998219831fa70
[INFO] [stderr]                                  at src/libstd/rt.rs:52
[INFO] [stderr]     18:     0x564c4561b5d3 - std::panicking::try::do_call::he8e1d689a3e26def
[INFO] [stderr]                                  at src/libstd/panicking.rs:348
[INFO] [stderr]     19:     0x564c4561b5d3 - std::panicking::try::h264b6eebc2fa7bbf
[INFO] [stderr]                                  at src/libstd/panicking.rs:325
[INFO] [stderr]     20:     0x564c4561b5d3 - std::panic::catch_unwind::hbf28fafa723b2128
[INFO] [stderr]                                  at src/libstd/panic.rs:394
[INFO] [stderr]     21:     0x564c4561b5d3 - std::rt::lang_start_internal::he959aa59bc3ec202
[INFO] [stderr]                                  at src/libstd/rt.rs:51
[INFO] [stderr]     22:     0x564c450128f7 - std::rt::lang_start::h30b4f6399bf765e5
[INFO] [stderr]                                  at /rustc/cfbc6d4cf1acbac5c025acf8ed68929caa551df3/src/libstd/rt.rs:67
[INFO] [stderr]     23:     0x564c45010a0a - main
[INFO] [stderr]     24:     0x7f53d51390b3 - __libc_start_main
[INFO] [stderr]     25:     0x564c450101ae - _start
[INFO] [stderr]     26:                0x0 - <unknown>
[INFO] [stderr] warning: build failed, waiting for other jobs to finish...
[INFO] [stderr] error: build failed
[INFO] running `Command { std: "docker" "inspect" "fa4b5bb13ed410ec791070ed453003a261bbf047d255bcf53207975e5320dffc", kill_on_drop: false }`
[INFO] running `Command { std: "docker" "rm" "-f" "fa4b5bb13ed410ec791070ed453003a261bbf047d255bcf53207975e5320dffc", kill_on_drop: false }`
[INFO] [stdout] fa4b5bb13ed410ec791070ed453003a261bbf047d255bcf53207975e5320dffc
